
6
Evaluate -6 + (1 - -3) + 3.
1
What is the value of -19 - -25 - 12 - (-1 - 9)?
4
What is 5 - (-3 + 4 + 1 - -5)?
-2
(-12 - -5) + 5 - (-7 - -14)
-9
What is the value of 1 - (0 - -1 - (0 + -2))?
-2
Calculate -1 + (-17 - -4) + (2 - -2).
-10
-5 + 10 + -14 + 1
-8
-2 + -1 - ((-10 - -2) + 3)
2
What is the value of (0 - 2) + (-1 - 1) + 4?
0
What is 1 - (2 + 0) - (-1 - 0)?
0
What is 5 - (-6 + 5 - -2)?
4
Calculate 5 + 0 - (11 - (-1 - -3)).
-4
Calculate 6 + 4 + (6 - 12).
4
What is -4 - (-4 + (0 - -2))?
-2
What is the value of 1 + (-5 - -7 - -5) + -7?
1
Evaluate -9 - ((-4 - 6) + 2).
-1
What is (1 - ((-3 - -6) + -4)) + 1?
3
What is (5 - 3) + (-5 - -3)?
0
Calculate 2 - ((6 - 5) + 3 - -4).
-6
Evaluate 0 + 2 + 6 - 5.
3
Evaluate (-1 - (3 + (-9 - -2))) + -1.
2
What is (-1 - 1) + 0 + -3 + 3?
-2
Calculate 3 - (-4 + -5) - 11.
1
5 - -2 - (-2 + 4 + 1)
4
(106 - 117) + -1 + 4
-8
Evaluate (1 - (1 - 1)) + -1 + 3.
3
What is the value of 13 - (11 + (-15 - -10))?
7
-19 - (11 + -23 - -1)
-8
Calculate (10 - 4) + 0 + -1 + -3.
2
(-2 - (2 - 3)) + -3
-4
What is 147 + -132 + 1 + -9?
7
Evaluate -3 + (9 - (12 - 14)).
8
What is the value of -5 - ((0 - -4) + -6)?
-3
Evaluate 5 + -2 + (-2 - -2).
3
Evaluate 3 + -2 + (2 - (-2 + 1)).
4
Evaluate 1 + -5 + (-3 - -2).
-5
What is 8 + -5 - (3 + 1)?
-1
(0 + -3 + 6 - 3) + 4
4
Evaluate 0 - 0 - 3 - (2 + -3).
-2
Evaluate 1 + 0 + -5 + 0.
-4
Evaluate -4 - (3 - (2 + 12)) - 5.
2
What is 1 + -2 - (1 + -3) - -4?
5
Calculate 0 + 0 + 1 - 2 - -1.
0
What is the value of -2 + (3 - (-4 + 10))?
-5
Calculate 4 + -4 + (-4 - 1).
-5
Calculate 5 - (-1 - -4) - (-5 - -1).
6
Evaluate 1 - -5 - (8 + 6 + -13).
5
1 - ((-7 - -4) + (0 - -1))
3
Calculate 0 - (7 - (8 + -4)) - 0.
-3
Evaluate (9 - 2) + -1 + -4.
2
What is the value of 11 + -3 + (-4 - 5) + -2?
-3
What is the value of -6 - 4 - -10 - (0 + -3)?
3
What is -8 + (5 - (13 + -5 - 5))?
-6
What is -7 - (-4 + (1 - 3) + 4)?
-5
What is 5 + -1 + -4 + -1 + 1?
0
Evaluate (-13 - 4 - -11) + -3.
-9
Evaluate 1 + -9 + 5 + -1.
-4
What is (1 + 0 + 2 - 0) + -4?
-1
(-2 - (0 + -3 + 0)) + 0
1
What is the value of 1 - 0 - (11 + -15 + 4)?
1
5 - (37 + -35 - (-6 + -1))
-4
Calculate -10 - (0 + 1 + -7).
-4
What is (-8 - (-9 + 7)) + 12?
6
0 + -3 - (-6 - (8 + -4))
7
Evaluate -3 + (0 - -3 - (-1 - -1)).
0
Calculate (-5 - -12) + -7 + (0 - 1).
-1
Calculate -1 + 3 + (3 - 2) + 1.
4
Evaluate -2 + 2 + -5 + 0 + 1.
-4
Evaluate -4 + 3 + (1 - (5 - 7)).
2
-37 + 40 + (-2 - -1)
2
What is -4 + 3 + (9 - (6 + -2))?
4
Calculate 0 + -4 - (-2 + 4).
-6
What is -4 - (3 - (6 + 1))?
0
Evaluate (1 - 4 - -1) + 2.
0
What is the value of -5 - (-4 - -1) - (-7 + 1)?
4
4 + (-19 - -1) + -5 + 10
-9
Evaluate (-9 - -4 - -5) + 2.
2
What is the value of (8 - 11) + 6 - 9?
-6
Calculate 2 + -5 + 0 - -5.
2
4 - 0 - (-14 + 14)
4
What is the value of (-3 - (-1 - -1)) + -1?
-4
Evaluate -1 + (2 + 5 - 4) + -10.
-8
What is 5 - (11 + -10 - -2)?
2
Evaluate (-5 - (4 + -9)) + 4.
4
What is 3 - (-1 + 1) - (4 - 1)?
0
Calculate 0 - ((2 - -1) + -5 + 4).
-2
What is -2 - 3 - ((19 - 6) + -8)?
-10
What is -17 - -6 - (-10 + 2 + 2)?
-5
Evaluate 0 + (5 - 1 - 5).
-1
(15 - 17) + (10 - -1) + -4
5
What is -1 - (7 + (-13 - -15))?
-10
Evaluate -2 + 2 + 1 + -3 + -2.
-4
14 + -7 - (22 - 9)
-6
What is the value of 0 + (5 + -9 + 6 - 6)?
-4
What is (5 - 1) + (9 - (7 - -1))?
5
Calculate -3 - ((-5 - -3) + 4).
-5
Evaluate 8 + -1 - (6 - 2).
3
Calculate (2 - (14 + (-7 - 0))) + 3.
-2
Evaluate 3 + (-5 - -1) + -4 + 1.
-4
Calculate -6 + (-10 - -9 - -10).
3
(13 - 3) + -9 + 2 + 0
3
What is 4 - ((-9 - -5) + 9 + 4)?
-5
Evaluate -80 + 82 - (1 - -5 - 0).
-4
What is (-9 + -5 - -6) + 5?
-3
What is -2 - -4 - (18 + -11)?
-5
Calculate -37 + 33 - (1 - 9).
4
Calculate (-2 - -1 - -2) + (2 - 2).
1
Evaluate (-15 - -14) + 0 + 7.
6
Calculate 1 + 1 + 24 + -26.
0
Calculate (2 - (-4 + 3 - -4)) + 5.
4
What is the value of (6 - -1) + (-13 - -14)?
8
What is the value of 3 - 0 - (71 + -71) - 1?
2
Evaluate (-6 - -6) + -6 - -1.
-5
What is -8 - -14 - -10 - 12?
4
What is the value of -15 + 11 - -2 - -2?
0
What is (6 - -4) + -5 + (-5 - 1)?
-1
What is (-3 + 0 + -1 - -11) + -4?
3
0 + 2 + 1 + 5
8
Calculate (2 - -7) + -5 + -7 + 0.
-3
Evaluate -4 - (-2 + 0 - 3).
1
(-25 - -29) + -1 + 0 + 1
4
What is the value of 0 + (2 - 1) - 5?
-4
What is 12 + -9 - (13 + -6)?
-4
Calculate (2 - -4 - 2) + -16 + 14.
2
What is the value of 1 + 4 - (80 - 78)?
3
13 + -6 + -5 - 5
-3
Evaluate -1 - -4 - (4 - 1).
0
What is (-7 - -6) + (-9 - -8)?
-2
Calculate (8 - 8 - (3 + 1)) + 2.
-2
Calculate 2 + -3 - -4 - 2.
1
(-3 - 0) + -3 + 5
-1
What is the value of 0 + (3 - 3) - (9 + -4)?
-5
What is the value of (-2 - 1) + 7 + 0 + -5?
-1
What is the value of 4 + -1 + (1 - -1) - 2?
3
What is (-1 - (1 + 2)) + 2 + -3?
-5
What is the value of (4 + -1 - 0) + -1?
2
What is the value of -6 - -2 - (0 + -1)?
-3
Calculate (2 - (-1 + 1)) + (-5 - -7).
4
What is the value of 3 - (-1 + -5 + (15 - 11))?
5
What is 2 + 2 + (-3 - -4)?
5
Calculate -10 - 1 - ((-3 - -10) + -9).
-9
Evaluate -3 + 7 + (5 + -3 - 14).
-8
Calculate -7 + 4 + (-3 - (6 + -4)).
-8
Calculate 1 + -1 + (-12 - -7).
-5
What is the value of 1 + -3 - (0 + -3 - -5)?
-4
Evaluate -1 + 3 - (2 - (1 - -2)).
3
Calculate -8 + (1 - 2) + 5 + 2.
-2
What is the value of (-23 - -22) + (-1 - 0)?
-2
What is 5 + (-2 - (-3 + 6))?
0
Calculate 2 - (4 - ((4 - 1) + 0)).
1
Evaluate -4 - -1 - (-4 + -3 - -7).
-3
What is -7 - (-17 + 6 - -7)?
-3
Calculate -7 + 4 + -4 - -12.
5
What is the value of 2 + 0 - (3 + -14 + 9)?
4
-5 + (11 - (-6 - -9))
3
Evaluate (-6 - -2 - 2) + (4 - 3).
-5
What is (-1 - 1) + 15 + -9?
4
What is 1 + -5 - ((-10 - -6) + -6)?
6
What is the value of 0 - (-6 + 0 - -3)?
3
What is (8 - (2 - -3)) + -4?
-1
What is the value of 2 - (6 + (3 - 5)) - -1?
-1
What is the value of 0 + -2 + (-1 - -2 - 3)?
-4
Calculate (-4 - -1) + 1 + 5 + 1.
4
Calculate (4 - (6 - 4)) + (4 - 2).
4
What is the value of 11 + -5 + 4 + -13 + 9?
6
Calculate 1 + -2 - (19 - 14).
-6
What is the value of -2 + 0 + 11 + -5?
4
What is 0 - (0 + 7 + 2 + -4)?
-5
Calculate -8 + (-2 - 2) + 3.
-9
-5 + 8 - (-1 + (5 - 4))
3
What is 2 + -2 - (-4 + (-7 - -14))?
-3
Calculate 1 - (-2 - (4 - (0 + 5))).
2
Calculate 6 - ((6 - 12) + 5).
7
What is (-2 - 1) + 13 - (-11 - -16)?
5
Calculate ((-3 - -2) + 5 - -5) + -5.
4
-7 - (3 + 2 + -7) - -2
-3
Calculate 4 - (1 - (-1 - 9) - 3).
-4
Calculate -5 + 0 - (-9 - -1 - -1).
2
2 + 0 + 2 + (-1 - 0)
3
What is the value of -1 - ((3 - -1) + -2 - -1)?
-4
(-2 - 1 - -2) + -3 - -1
-3
-5 + 2 - (7 - 13)
3
Evaluate 0 + 5 + (1 - -1) - 3.
4
Calculate (2 - (4 - 0)) + (-2 - 1).
-5
Evaluate -3 + (2 - 2) - (-5 - 0).
2
What is the value of -5 + (3 - -4) + (1 - 2)?
1
(-1 - -3) + 1 + 0
3
What is (-3 - (11 - 5)) + 3?
-6
Calculate 2 - -2 - (-10 - -12 - 6).
8
Evaluate 3 + 3 - (13 - 5).
-2
What is the value of -11 - ((4 - 14) + -9)?
8
(5 + -12 - -14) + -1
6
Calculate 7 - 0 - ((4 - 5) + 3).
5
(23 - 19) + (0 - (0 - -1))
3
Calculate 4 + -3 + (1 - (-4 - -1)).
5
What is the value of (5 - (-15 - -10)) + -4?
6
Calculate (-44 - -38) + (2 - (-2 - -6)).
-8
Evaluate 4 + 5 + (1 - 5).
5
5 - (2 - 7 - (-3 - -1))
8
What is -1 - (0 - (-2 + 9))?
6
Calculate 14 - ((-9 - -12) + 6).
5
What is the value of 7 + (0 + -6 - (-6 + 3))?
4
-8 - (6 - (7 + 3))
-4
Evaluate (2 - 0) + (-3 - 0) + 2.
1
What is the value of 13 - 7 - (-1 - -6)?
1
Evaluate 3 - (-2 - -3) - (-2 - -3).
1
Calculate (2 - (8 + 1)) + (3 - -2).
-2
What is 2 - (-5 + (4 - -3) + -4)?
4
Calculate 6 + (-7 - (7 + -10)).
2
What is the value of -1 - -5 - 1 - (2 + 7)?
-6
What is the value of -2 - ((0 - 0) + (-3 - -1))?
0
What is the value of (0 - -1) + (3 - (9 - 8))?
3
-2 - 10 - (2 - 8)
-6
Evaluate 2 + 5 + 4 + -7 + -3.
1
3 + -4 + -1 + (2 - -1)
1
What is 45 - 47 - (-4 - 1)?
3
Calculate -1 - 2 - (2 + -4).
-1
What is the value of (-4 - -9) + -7 + (4 - 2)?
0
Calculate -3 + (2 - 7 - -4 - 0).
-4
What is the value of 0 + (-1 - (1 - 2))?
0
What is the value of (0 - -8) + -10 + 4?
2
-4 - (-13 + 9 + -3)
3
Evaluate (4 - (-3 + 7)) + 0.
0
-12 + 8 - (-17 + 5)
8
What is the value of (9 - -3) + 0 + 0 + -4?
8
Evaluate 1 - 1 - (-35 - -34).
1
What is -1 + -5 + 15 + -14?
-5
What is 36 - 43 - (-13 - (3 - 1))?
8
What is the value of 0 + 2 + (-6 - -6) + 0?
2
What is the value of 5 + -13 - -4 - -1 - 7?
-10
(-16 - (3 + -9)) + 8
-2
Calculate -2 + (7 - 8) - 1.
-4
What is the value of 9 + -11 - (2 + -3)?
